{"id":1480,"date":"2024-10-06T20:17:57","date_gmt":"2024-10-06T18:17:57","guid":{"rendered":"http:\/\/localhost:8888\/jzd-jesenik\/?page_id=1480"},"modified":"2025-06-03T10:40:26","modified_gmt":"2025-06-03T08:40:26","slug":"informace-pro-cleny","status":"publish","type":"page","link":"https:\/\/zdjesenik.cz\/index.php\/informace-pro-cleny\/","title":{"rendered":"INFORMACE PRO CLENY"},"content":{"rendered":"\t\t<div data-elementor-type=\"wp-page\" data-elementor-id=\"1480\" class=\"elementor elementor-1480\">\n\t\t\t\t<div class=\"elementor-element elementor-element-a3ce7a8 e-flex e-con-boxed e-con e-parent\" data-id=\"a3ce7a8\" data-element_type=\"container\" data-settings=\"{&quot;background_background&quot;:&quot;slideshow&quot;,&quot;animation&quot;:&quot;none&quot;,&quot;background_slideshow_gallery&quot;:[{&quot;id&quot;:588,&quot;url&quot;:&quot;https:\\\/\\\/zdjesenik.cz\\\/wp-content\\\/uploads\\\/2024\\\/09\\\/DSC01938c.jpg&quot;}],&quot;background_slideshow_loop&quot;:&quot;yes&quot;,&quot;background_slideshow_slide_duration&quot;:5000,&quot;background_slideshow_slide_transition&quot;:&quot;fade&quot;,&quot;background_slideshow_transition_duration&quot;:500}\">\n\t\t\t\t\t<div class=\"e-con-inner\">\n\t\t\t\t\t<\/div>\n\t\t\t\t<\/div>\n\t\t<div class=\"elementor-element elementor-element-adc35c0 e-con-full e-flex e-con e-child\" data-id=\"adc35c0\" data-element_type=\"container\" data-settings=\"{&quot;background_background&quot;:&quot;classic&quot;}\">\n\t\t<div class=\"elementor-element elementor-element-40f3ebc e-con-full e-flex e-con e-child\" data-id=\"40f3ebc\" data-element_type=\"container\">\n\t\t\t\t<div class=\"elementor-element elementor-element-0309b9d elementor-widget elementor-widget-heading\" data-id=\"0309b9d\" data-element_type=\"widget\" data-widget_type=\"heading.default\">\n\t\t\t\t<div class=\"elementor-widget-container\">\n\t\t\t<style>\/*! elementor - v3.23.0 - 05-08-2024 *\/\n.elementor-heading-title{padding:0;margin:0;line-height:1}.elementor-widget-heading .elementor-heading-title[class*=elementor-size-]>a{color:inherit;font-size:inherit;line-height:inherit}.elementor-widget-heading .elementor-heading-title.elementor-size-small{font-size:15px}.elementor-widget-heading .elementor-heading-title.elementor-size-medium{font-size:19px}.elementor-widget-heading .elementor-heading-title.elementor-size-large{font-size:29px}.elementor-widget-heading .elementor-heading-title.elementor-size-xl{font-size:39px}.elementor-widget-heading .elementor-heading-title.elementor-size-xxl{font-size:59px}<\/style><h2 class=\"elementor-heading-title elementor-size-default\">INFORMACE PRO \u010dLENY<\/h2>\t\t<\/div>\n\t\t\t\t<\/div>\n\t\t\t\t<\/div>\n\t\t\t\t<\/div>\n\t\t<div class=\"elementor-element elementor-element-57b365c e-flex e-con-boxed e-con e-parent\" data-id=\"57b365c\" data-element_type=\"container\" data-settings=\"{&quot;background_background&quot;:&quot;classic&quot;}\">\n\t\t\t\t\t<div class=\"e-con-inner\">\n\t\t<div class=\"elementor-element elementor-element-2148034 e-con-full e-flex e-con e-child\" data-id=\"2148034\" data-element_type=\"container\">\n\t\t\t\t<div class=\"elementor-element elementor-element-5ec9cee elementor-widget elementor-widget-text-editor\" data-id=\"5ec9cee\" data-element_type=\"widget\" data-widget_type=\"text-editor.default\">\n\t\t\t\t<div class=\"elementor-widget-container\">\n\t\t\t<style>\/*! elementor - v3.23.0 - 05-08-2024 *\/\n.elementor-widget-text-editor.elementor-drop-cap-view-stacked .elementor-drop-cap{background-color:#69727d;color:#fff}.elementor-widget-text-editor.elementor-drop-cap-view-framed .elementor-drop-cap{color:#69727d;border:3px solid;background-color:transparent}.elementor-widget-text-editor:not(.elementor-drop-cap-view-default) .elementor-drop-cap{margin-top:8px}.elementor-widget-text-editor:not(.elementor-drop-cap-view-default) .elementor-drop-cap-letter{width:1em;height:1em}.elementor-widget-text-editor .elementor-drop-cap{float:left;text-align:center;line-height:1;font-size:50px}.elementor-widget-text-editor .elementor-drop-cap-letter{display:inline-block}<\/style>\t\t\t\t<span class=\"fs14lh1-5 ff1\">V\u00fdro\u010dn\u00ed \u010dlensk\u00e1 sch\u016fze se bude konat dne 20. 6. 2025 v 17.00 hod. v Hotelu Star\u00e1 Po\u0161ta ve Filipovic\u00edch.<\/span>\n<a style=\"margin-left: 4px;\" href=\"https:\/\/zdjesenik.cz\/wp-content\/uploads\/2025\/06\/Clenska-schuze-2025.pdf\" target=\"_blank\" rel=\"noopener\">Pozv\u00e1nka (pdf ke sta\u017een\u00ed).<\/a>\t\t\t\t\t\t<\/div>\n\t\t\t\t<\/div>\n\t\t\t\t<\/div>\n\t\t\t\t\t<\/div>\n\t\t\t\t<\/div>\n\t\t<div class=\"elementor-element elementor-element-2597dbb e-flex e-con-boxed e-con e-parent\" data-id=\"2597dbb\" data-element_type=\"container\" data-settings=\"{&quot;background_background&quot;:&quot;classic&quot;}\">\n\t\t\t\t\t<div class=\"e-con-inner\">\n\t\t<div class=\"elementor-element elementor-element-c43ba29 e-con-full e-flex e-con e-child\" data-id=\"c43ba29\" data-element_type=\"container\">\n\t\t\t\t<div class=\"elementor-element elementor-element-1fb973f elementor-widget elementor-widget-image\" data-id=\"1fb973f\" data-element_type=\"widget\" data-widget_type=\"image.default\">\n\t\t\t\t<div class=\"elementor-widget-container\">\n\t\t\t<style>\/*! elementor - v3.23.0 - 05-08-2024 *\/\n.elementor-widget-image{text-align:center}.elementor-widget-image a{display:inline-block}.elementor-widget-image a img[src$=\".svg\"]{width:48px}.elementor-widget-image img{vertical-align:middle;display:inline-block}<\/style>\t\t\t\t\t\t\t\t\t\t<img fetchpriority=\"high\" decoding=\"async\" width=\"260\" height=\"260\" src=\"https:\/\/zdjesenik.cz\/wp-content\/uploads\/2024\/10\/ZDJ_logo_2017-png4_kaboflpp.png\" class=\"attachment-large size-large wp-image-1559\" alt=\"\" srcset=\"https:\/\/zdjesenik.cz\/wp-content\/uploads\/2024\/10\/ZDJ_logo_2017-png4_kaboflpp.png 260w, https:\/\/zdjesenik.cz\/wp-content\/uploads\/2024\/10\/ZDJ_logo_2017-png4_kaboflpp-150x150.png 150w\" sizes=\"(max-width: 260px) 100vw, 260px\" \/>\t\t\t\t\t\t\t\t\t\t\t\t\t<\/div>\n\t\t\t\t<\/div>\n\t\t\t\t<div class=\"elementor-element elementor-element-4007433 elementor-widget elementor-widget-button\" data-id=\"4007433\" data-element_type=\"widget\" data-widget_type=\"button.default\">\n\t\t\t\t<div class=\"elementor-widget-container\">\n\t\t\t\t\t<div class=\"elementor-button-wrapper\">\n\t\t\t<a class=\"elementor-button elementor-button-link elementor-size-sm\" href=\"index.php\/kontakt\">\n\t\t\t\t\t\t<span class=\"elementor-button-content-wrapper\">\n\t\t\t\t\t\t\t\t\t<span class=\"elementor-button-text\">Kontaktn\u00ed informace<\/span>\n\t\t\t\t\t<\/span>\n\t\t\t\t\t<\/a>\n\t\t<\/div>\n\t\t\t\t<\/div>\n\t\t\t\t<\/div>\n\t\t\t\t<\/div>\n\t\t<div class=\"elementor-element elementor-element-527fdf5 e-con-full e-flex e-con e-child\" data-id=\"527fdf5\" data-element_type=\"container\" data-settings=\"{&quot;background_background&quot;:&quot;classic&quot;}\">\n\t\t<div class=\"elementor-element elementor-element-bd820aa e-con-full e-flex e-con e-child\" data-id=\"bd820aa\" data-element_type=\"container\">\n\t\t\t\t<div class=\"elementor-element elementor-element-4df3e94 elementor-widget__width-inherit elementor-widget elementor-widget-text-editor\" data-id=\"4df3e94\" data-element_type=\"widget\" data-widget_type=\"text-editor.default\">\n\t\t\t\t<div class=\"elementor-widget-container\">\n\t\t\t\t\t\t\t\u00a9 Designed By <a style=\"color: #fffffff7; text-decoration: underline;\" target=\"_blank\" href=\"https:\/\/web-stranky-na-miru.cz\/\">Jan Kal\u00e1b<\/a>. V\u0161echna pr\u00e1va vyhrazena.\t\t\t\t\t\t<\/div>\n\t\t\t\t<\/div>\n\t\t\t\t<\/div>\n\t\t\t\t<\/div>\n\t\t\t\t\t<\/div>\n\t\t\t\t<\/div>\n\t\t\t\t<\/div>\n\t\t","protected":false},"excerpt":{"rendered":"<p>INFORMACE PRO \u010dLENY V\u00fdro\u010dn\u00ed \u010dlensk\u00e1 sch\u016fze se bude konat dne 20. 6. 2025 v 17.00 hod. v Hotelu Star\u00e1 Po\u0161ta ve Filipovic\u00edch. Pozv\u00e1nka (pdf ke sta\u017een\u00ed). Kontaktn\u00ed informace \u00a9 Designed By Jan Kal\u00e1b. V\u0161echna pr\u00e1va vyhrazena.<\/p>\n","protected":false},"author":1,"featured_media":0,"parent":0,"menu_order":0,"comment_status":"closed","ping_status":"closed","template":"","meta":{"footnotes":""},"class_list":["post-1480","page","type-page","status-publish","hentry"],"_links":{"self":[{"href":"https:\/\/zdjesenik.cz\/index.php\/wp-json\/wp\/v2\/pages\/1480","targetHints":{"allow":["GET"]}}],"collection":[{"href":"https:\/\/zdjesenik.cz\/index.php\/wp-json\/wp\/v2\/pages"}],"about":[{"href":"https:\/\/zdjesenik.cz\/index.php\/wp-json\/wp\/v2\/types\/page"}],"author":[{"embeddable":true,"href":"https:\/\/zdjesenik.cz\/index.php\/wp-json\/wp\/v2\/users\/1"}],"replies":[{"embeddable":true,"href":"https:\/\/zdjesenik.cz\/index.php\/wp-json\/wp\/v2\/comments?post=1480"}],"version-history":[{"count":28,"href":"https:\/\/zdjesenik.cz\/index.php\/wp-json\/wp\/v2\/pages\/1480\/revisions"}],"predecessor-version":[{"id":1950,"href":"https:\/\/zdjesenik.cz\/index.php\/wp-json\/wp\/v2\/pages\/1480\/revisions\/1950"}],"wp:attachment":[{"href":"https:\/\/zdjesenik.cz\/index.php\/wp-json\/wp\/v2\/media?parent=1480"}],"curies":[{"name":"wp","href":"https:\/\/api.w.org\/{rel}","templated":true}]}}